ide 3972?
False
Is 98 a multiple of 14?
True
Is 986 a multiple of 29?
True
Does 20 divide 771?
False
Is 19 a factor of 329?
False
Is 648 a multiple of 27?
True
Is 7 a multiple of 6?
False
Is 20134 a multiple of 45?
False
Is 486 a multiple of 9?
True
Is 1137 a multiple of 18?
False
Is 22559 a multiple of 61?
False
Does 12 divide 16116?
True
Is 11 a factor of 14524?
False
Is 455 a multiple of 13?
True
Is 158 a multiple of 79?
True
Is 105 a multiple of 35?
True
Is 4986 a multiple of 45?
False
Is 14950 a multiple of 299?
True
Does 100 divide 400?
True
Does 3 divide 5641?
False
Does 6 divide 7326?
True
Does 18 divide 14100?
False
Is 9 a factor of 2898?
True
Is 5038 a multiple of 22?
True
Does 27 divide 136?
False
Is 10 a factor of 16128?
False
Does 2 divide 39?
False
Is 3806 a multiple of 31?
False
Is 1053 a multiple of 3?
True
Does 5 divide 2516?
False
Is 11 a factor of 593?
False
Is 470 a multiple of 33?
False
Is 4 a factor of 411?
False
Is 3116 a multiple of 76?
True
Is 18231 a multiple of 110?
False
Is 9450 a multiple of 6?
True
Is 15 a factor of 6153?
False
Is 2313 a multiple of 7?
False
Is 6418 a multiple of 27?
False
Does 11 divide 231?
True
Does 12 divide 6325?
False
Does 15 divide 156?
False
Is 20 a factor of 2263?
False
Does 52 divide 20696?
True
Is 240 a multiple of 5?
True
Does 10 divide 640?
True
Is 23 a factor of 2093?
True
Is 53210 a multiple of 170?
True
Is 9 a factor of 1296?
True
Is 6987 a multiple of 17?
True
Does 11 divide 792?
True
Does 168 divide 11424?
True
Is 16834 a multiple of 159?
False
Is 35862 a multiple of 16?
False
Does 146 divide 32996?
True
Is 27 a factor of 14201?
False
Does 41 divide 42804?
True
Is 24 a factor of 45925?
False
Is 31637 a multiple of 17?
True
Is 24 a factor of 23378?
False
Does 8 divide 30256?
True
Is 25 a factor of 175875?
True
Is 5890 a multiple of 19?
True
Is 693 a multiple of 11?
True
Is 35 a factor of 3920?
True
Is 42 a factor of 1386?
True
Is 1176 a multiple of 7?
True
Is 368 a multiple of 8?
True
Is 23838 a multiple of 174?
True
Does 107 divide 13815?
False
Is 5 a factor of 1909?
False
Is 19 a factor of 77165?
False
Does 29 divide 789?
False
Is 30 a factor of 3020?
False
Is 213 a multiple of 21?
False
Is 1923 a multiple of 2?
False
Is 1794 a multiple of 12?
False
Is 14 a factor of 577?
False
Is 12 a factor of 276?
True
Is 8 a factor of 776?
True
Is 39 a factor of 19111?
False
Does 406 divide 23080?
False
Is 1049 a multiple of 17?
False
Does 3 divide 4627?
False
Does 65 divide 9445?
False
Is 50 a factor of 3350?
True
Is 16434 a multiple of 66?
True
Does 21 divide 229?
False
Is 18 a factor of 17712?
True
Is 8 a factor of 5568?
True
Is 11103 a multiple of 24?
False
Is 1904 a multiple of 56?
True
Is 22 a factor of 1743?
False
Does 149 divide 9235?
False
Does 3 divide 205?
False
Is 98 a multiple of 4?
False
Is 5584 a multiple of 33?
False
Is 5763 a multiple of 8?
False
Does 57 divide 61332?
True
Does 23 divide 253?
True
Is 4 a factor of 60?
True
Is 508 a factor of 20320?
True
Is 22904 a multiple of 136?
False
Does 23 divide 4307?
False
Is 8 a factor of 176?
True
Is 17 a factor of 6154?
True
Is 69 a factor of 93564?
True
Is 81 a factor of 230?
False
Is 32 a factor of 784?
False
Does 3 divide 123?
True
Does 8 divide 2262?
False
Does 19 divide 143?
False
Does 85 divide 25378?
False
Is 25 a factor of 1650?
True
Does 4 divide 3440?
True
Is 581 a multiple of 9?
False
Is 188 a multiple of 60?
False
Is 847 a multiple of 77?
True
Is 32224 a multiple of 32?
True
Does 16 divide 30208?
True
Does 61 divide 3660?
True
Is 43160 a multiple of 25?
False
Does 10 divide 614?
False
Is 1520 a multiple of 80?
True
Does 56 divide 336?
True
Is 14 a factor of 399?
False
Is 190 a factor of 17739?
False
Does 9 divide 9698?
False
Does 32 divide 24032?
True
Is 19 a factor of 515?
False
Is 612 a multiple of 18?
True
Does 23 divide 26891?
False
Is 3652 a multiple of 8?
False
Is 32 a factor of 10976?
True
Is 7 a factor of 4977?
True
Is 10 a factor of 13511?
False
Does 39 divide 7685?
False
Does 12 divide 16879?
False
Does 4 divide 252?
True
Is 14 a factor of 15685?
False
Is 252 a multiple of 23?
False
Is 1728 a multiple of 108?
True
Does 5 divide 510?
True
Does 12 divide 418?
False
Does 108 divide 12279?
False
Is 166 a multiple of 16?
False
Is 69 a multiple of 23?
True
Is 1590 a multiple of 53?
True
Does 61 divide 854?
True
Is 146 a multiple of 2?
True
Does 67 divide 1474?
True
Does 5 divide 2017?
False
Does 69 divide 9867?
True
Is 15 a multiple of 4?
False
Is 23907 a multiple of 26?
False
Is 7280 a multiple of 208?
True
Is 29 a factor of 551?
True
Does 18 divide 558?
True
Does 4 divide 1395?
False
Is 3967 a multiple of 13?
False
Is 2005 a multiple of 133?
False
Is 32 a factor of 7584?
True
Is 8232 a multiple of 24?
True
Is 161 a factor of 2576?
True
Is 54 a factor of 1349?
False
Is 15 a factor of 210?
True
Does 17 divide 247?
False
Is 13 a factor of 460?
False
Is 7220 a multiple of 19?
True
Is 60 a factor of 483?
False
Is 9 a factor of 2673?
True
Does 9 divide 594?
True
Does 15 divide 1384?
False
Does 6 divide 1841?
False
Is 42826 a multiple of 21?
False
Does 6 divide 556?
False
Is 18 a factor of 14173?
False
Is 4798 a multiple of 17?
False
Does 39 divide 10273?
False
Is 6 a factor of 14141?
False
Is 465 a multiple of 51?
False
Is 38 a factor of 481?
False
Is 11 a factor of 704?
True
Is 13740 a multiple of 15?
True
Is 49802 a multiple of 37?
True
Is 26 a factor of 1742?
True
Is 25 a factor of 94?
False
Does 4 divide 1703?
False
Is 16 a factor of 2144?
True
Is 10 a factor of 1117?
False
Does 9 divide 3357?
True
Is 11 a factor of 314?
False
Is 306 a multiple of 9?
True
Is 62 a factor of 21063?
False
Is 8505 a multiple of 21?
True
Is 23874 a multiple of 23?
True
Does 15 divide 75?
True
Is 3325 a multiple of 19?
True
Is 2223 a multiple of 19?
True
Does 4 divide 52?
True
Does 11 divide 49038?
True
Does 79 divide 553?
True
Is 1950 a multiple of 25?
True
Is 48966 a multiple of 57?
False
Is 2 a factor of 25?
False
Is 9 a factor of 27?
True
Is 9 a factor of 10239?
False
Is 5 a factor of 3050?
True
Is 5 a factor of 1821?
False
Does 33 divide 3432?
True
Is 1029 a multiple of 49?
True
Does 38 divide 86546?
False
Does 46 divide 280?
False
Is 1442 a multiple of 67?
False
Does 88 divide 2024?
True
Does 14 divide 7308?
True
Does 19 divide 5617?
False
Does 22 divide 618?
False
Does 20 divide 1900?
True
Is 8 a factor of 1120?
True
Is 34 a factor of 68?
True
Is 15322 a multiple of 311?
False
Is 8 a factor of 4464?
True
Is 198 a multiple of 6?
True
Is 10448 a multiple of 14?
False
Is 8910 a multiple of 90?
True
Does 57 divide 6264?
False
Is 10 a factor of 1700?
True
Is 30 a factor of 5370?
True
Is 2487 a multiple of 5?
False
Is 4 a factor of 2019?
False
Is 91999 a multiple of 24?
False
Does 32 divide 63104?
True
Does 102 divide 2465?
False
Is 68600 a multiple of 35?
True
Is 3 a factor of 11?
False
Does 12 divide 5586?
False
Is 186 a factor of 131316?
True
Is 10 a factor of 114?
False
Is 175 a multiple of 25?
True
Is 19 a factor of 2090?
True
Is 210 even?
True
Does 73 divide 2482?
True
Does 37 divide 3848?
True
Does 5 divide 7837?
False
Is 310 a multiple of 34?
False
Does 62 divide 20956?
True
Is 50 a factor of 650?
True
Does 68 divide 10680?
False
Is 12076 a multiple of 11?
False
Is 483 a multiple of 21?
True
Is 61 a factor of 66821?
False
Does 79 divide 53888?
False
Is 7569 a multiple of 5?
False
Is 9758 a multiple of 7?
True
Is 726 a multiple of 22?
True
Is 23 a factor of 506?
True
Does 24 divide 837?
False
Does 11 divide 679?
False
Does 8 divide 37448?
True
Is 43 a factor of 8660?
False
Does 11 divide 1063?
False
Does 43 divide 19281?
False
Is 216 a factor of 45144?
True
Is 66 a multiple of 22?
True
Is 8 a factor of 315?
False
Is 5059 a multiple of 5?
False
Is 10058 a multiple of 107?
True
Does 123 divide 19832?
False
Is 36 a factor of 99?
False
Is 3994 a multiple of 46?
False
Is 14 a factor of 1288?
True
Is 109 a factor of 34490?
False
Is 192 a multiple of 48?
True
Does 18 divide 14130?
True
Is 14 a factor of 126?
True
Is 17 a factor of 799?
True
Is 336 a multiple of 24?
True
Is 936 a multiple of 78?
True
Is 672 a multiple of 14?
True
Does 141 divide 4018?
False
Is 34 a factor of 2754?
True
Is 5952 a multiple of 48?
True
Does 28 divide 14